1 and q.
1
Suppose 180 = 5*i - 2*n + 21, 2*i - 4*n - 54 = 0. What is the greatest common factor of 3 and i?
3
Let r(a) = 4*a**2 + 5*a + 4. Let k be r(6). Let s = k + -117. Suppose -5*x = -259 - s. What is the highest common factor of x and 16?
16
Let a = -202 - -208. Suppose -33 = -4*m - 9. What is the greatest common divisor of m and a?
6
Let t be 199/2 + 3/(-2). Let z be 2 + (13 - 2) + 1. What is the highest common factor of t and z?
14
Let q = 53 - 18. Calculate the greatest common factor of 21 and q.
7
Suppose 0*m = -5*m. Suppose m = n - 111 + 27. What is the highest common divisor of 12 and n?
12
Suppose -4*o - g + 10 + 130 = 0, 4*g + 105 = 3*o. What is the greatest common divisor of o and 35?
35
Let w(n) = -n**3 - 7*n**2 + 7*n - 4. Let v be w(-8). Suppose 3*b + 7 = 2*o - 12, 5*b = -2*o - 21. Let f = 6 - o. What is the greatest common factor of f and v?
4
Let h be (-1)/3 + 508/12 - 0. What is the highest common factor of h and 28?
14
Suppose -2*u - 27 = 5*m + 39, 2*u = 5*m + 54. Let c be (-6)/8 + (-45)/m. What is the greatest common divisor of 3 and c?
3
Suppose 2*o + 16 = 6*o. Suppose d - 2*i - 8 = 0, -4*i - 12 = -4*d + 12. Calculate the highest common divisor of o and d.
4
Suppose 0 = 5*s - s - 192. Let b(w) = -w**2 + 10*w + 7. Let u be b(5). Calculate the highest common divisor of s and u.
16
Suppose -70 = -h - 3*m, 3*m - 97 = -5*h + 277. Let s = 148 - h. Suppose 0*i - 7 = -j - i, -2*j = -4*i - 20. Calculate the greatest common factor of s and j.
8
Let d(n) = n**3 + 7*n**2 + 3*n + 1. Let s be d(-6). Suppose 0 = 3*w + 1 - s. Let z be 2/w*13*3. What is the greatest common divisor of 13 and z?
13
Let h be ((-3)/(-6))/((-3)/(-24)). Suppose -h*l = 3 + 1, 0 = 3*v + 4*l - 29. Let z be 2/v - 163/(-11). Calculate the highest common divisor of z and 6.
3
Let n be 11 - -34 - (-1 + 4). Calculate the greatest common factor of n and 63.
21
Let y = 10 + 3. Let g = -1 + y. What is the greatest common factor of 96 and g?
12
Let y = 21 - 7. Let q = -9 + 11. Suppose 3*o + 109 = 2*w, o = -q*o + 3. What is the greatest common factor of w and y?
14
Let t(u) = u**2 - 1. Let m = 2 - 3. Let c(j) = 6*j**2 + 6*j - 8. Let h(l) = m*c(l) + 5*t(l). Let a be h(-6). Calculate the greatest common factor of a and 27.
3
Let a be (5 - 1)/(3/6). What is the greatest common divisor of 40 and a?
8
Let r(l) = l + 7. Let k be r(-5). Let u = -1 + k. Let b be (13 - (u + 1))*1. Calculate the highest common divisor of 121 and b.
11
Let l = -85 + 157. Suppose -7 - 17 = -2*t. Calculate the greatest common factor of l and t.
12
Let z = -158 - -266. Suppose -a = -x - 9, -2 = -x + 1. What is the highest common factor of z and a?
12
Let p(c) = 20 + 25*c - 5 - 24*c. Let z be p(-8). What is the greatest common divisor of 56 and z?
7
Suppose -b - 21 + 65 = 0. Calculate the greatest common factor of b and 11.
11
Let s be 0*(1 - (-9)/(-6)). Suppose s = 4*k - 0*k. Suppose k = -4*f + 72 - 8. Calculate the greatest common factor of f and 4.
4
Suppose -18*v + 4*v = -84. Calculate the highest common divisor of 42 and v.
6
Let h be ((-75)/(-10))/(6/28). Calculate the greatest common factor of h and 315.
35
Let z(w) = -w**3 - 6*w**2 - w + 6. Let v be z(-6). Let y(m) = 5*m - 3*m - 2 - 3*m - 2. Let u be y(-7). Calculate the highest common divisor of v and u.
3
Let r be (-1)/(-6)*2 + (-89)/(-3). Calculate the highest common divisor of r and 75.
15
Let p(l) = -3*l - 1 - 7 - 2 - 10. Let o be p(-10). Calculate the greatest common factor of o and 15.
5
Let y(g) = -5*g - 3*g**2 + 6 - g - 2*g**2 - g**3. Let j be y(-5). What is the highest common factor of j and 4?
4
Let c = -14 + 39. What is the greatest common divisor of c and 125?
25
Let l be ((-5)/(-15) + -3)*-24. Calculate the greatest common divisor of 16 and l.
16
Let s(v) = 2*v**2 + 0*v**3 - 3*v + v**3 + 0*v. Let o be s(2). Calculate the highest common factor of o and 60.
10
Let p(z) = z**2 + 5*z + 6. Let h be p(-12). Calculate the highest common divisor of h and 18.
18
Let t(n) = 2*n - 7. Let x be t(6). Let q = 8 + -4. Suppose -2*u = -q - 6. What is the greatest common divisor of u and x?
5
Let s(z) = 79*z**2 + 2*z - 1. Let j be s(1). Calculate the highest common divisor of j and 16.
16
Let k be ((-112)/12)/((-2)/6). Let w = -20 + k. Suppose 3*z = z + w. Calculate the highest common factor of z and 28.
4
Let f(p) = -14*p**3 - p**2 + 2*p + 2. Let o be f(-1). Let y(c) = 2*c**2 + 7*c - 2. Let x be y(-5). What is the highest common divisor of o and x?
13
Suppose 7 + 9 = 5*a - 2*v, a + 5*v = 14. Let n be ((-16)/(-20))/(a/110). What is the highest common factor of n and 33?
11
Suppose 3*v - 13 - 34 = 2*i, 3*v - 3*i = 51. Suppose 5 = 2*p + 1. Suppose -c + 32 = p*f + 2*f, 3*c + 5*f = 131. What is the greatest common divisor of c and v?
13
Let c(n) = n**3 + 15*n**2 + 8*n - 2. Let q be c(-6). Suppose 3*z - q - 236 = 0. What is the highest common divisor of 17 and z?
17
Let l(p) = p**2 - 6*p + 2. Let s be ((-70)/(-25))/(2/5). Let k be l(s). What is the greatest common factor of 99 and k?
9
Let z(m) = -m + 0*m - 2*m + 8 + 2*m. Let a be z(7). Calculate the greatest common factor of a and 5.
1
Suppose 0 = 141*k - 144*k + 27. Suppose -2*h - 10 = 0, h = -4*z - 3*h + 184. Suppose -3*f + z + 57 = 0. Calculate the greatest common factor of k and f.
9
Suppose 4*g = -3*t - 23 + 71, -3*g = 3*t - 51. Let q = 2 + 3. Let f be (-19)/(-2) + q/10. What is the highest common divisor of f and t?
10
Suppose 0*x + 3*x = 0. Suppose j = -2*d - 29, x*j - j = -2*d - 31. Let w = -11 - d. What is the highest common factor of 2 and w?
2
Suppose -4*m + 36 - 4 = 0. Suppose -14*v + 12*v = -4. Suppose 3*x + 16 = 5*a, -2 = -a - v*x - 4. Calculate the highest common divisor of a and m.
2
Let j be ((-2)/(-6))/(3/9). Let l be 36 + (5 - (j - 0)). Calculate the highest common factor of 8 and l.
8
Let s(t) = -t + 16. Let p be s(10). What is the highest common divisor of 15 and p?
3
Let g = 112 + -67. Suppose g = 5*j + 5*t, -5*j = -4*t - 110 + 29. What is the greatest common divisor of j and 13?
13
Let o(u) = -u**3 + 10*u**2 + 6. Let z be o(10). What is the highest common divisor of z and 18?
6
Suppose l = 3*q + 147, 2*l - 2*q + 667 = 7*l. Calculate the highest common factor of l and 15.
15
Let f = 9 + -4. Let x = 1 + f. Suppose 60 = -4*q + 324. What is the highest common divisor of q and x?
6
Let u be (6/(-5))/((-6)/40). Let i(t) = t**2 - 4*t + 10. Let r be i(u). What is the greatest common factor of r and 105?
21
Suppose -3*m - 64 = -5*m. Calculate the greatest common divisor of 16 and m.
16
Suppose 4*f = f + 576. What is the highest common divisor of f and 16?
16
Let s(v) = -5*v - 1. Let a be s(1). Let x be 4 + a + (-22)/(-1). Calculate the greatest common divisor of 20 and x.
20
Suppose 2*t = -65 + 449. What is the greatest common factor of t and 32?
32
Let p(o) = -o**3 - 3*o**2 + 2*o. Let b be p(-3). Let g be (-63)/b - (-3)/(-2). Let c be (-44)/(-10) + g/15. What is the highest common divisor of c and 55?
5
Let q be ((-6)/(-2))/((-3)/(-38)). Let h(c) = -c**2 - 17*c + 95. Let a be h(-19). What is the highest common factor of a and q?
19
Let z(k) = -k + 4. Let w be z(-6). Let f be (-2 - -68)*(-10)/(-6). Calculate the highest common factor of f and w.
10
Suppose 2*h = -3*h + 130. Calculate the highest common divisor of h and 39.
13
Let y be (-17)/7*-10 - 6/21. Calculate the greatest common factor of 8 and y.
8
Let o = 0 - 6. Let b be (-2)/(-3) + (-116)/o. Calculate the highest common divisor of b and 160.
20
Let o be 2732/13 - (-40)/(-260). Calculate the highest common divisor of o and 21.
21
Let o(d) be the first derivative of -14*d**2 - d + 1. Let r be o(-2). Let c(v) = 3*v**2 + 2*v + 1. Let w be c(-3). What is the highest common factor of w and r?
11
Let n(z) = z**3 - z**2 + z + 35. Let m = -9 - -9. Let o be n(m). What is the greatest common factor of o and 7?
7
Suppose 0 = 3*l - 12*l + 135. Calculate the highest common divisor of l and 60.
15
Let i = 10 - -18. Let l = 38 + -24. Calculate the highest common factor of l and i.
14
Let p = 16 + 16. What is the highest common factor of 8 and p?
8
Suppose -4*p + 74 = -o - o, 4*o - 73 = -5*p. Suppose -5*c = -c. Let m be (c + 2 - -13) + 2. Calculate the highest common divisor of p and m.
17
Let p(z) = 3*z**2 - 2*z - 1. Let i be p(-1). Let v(j) = 